{"version":"1.0","provider_name":"MG Motor Europe","provider_url":"https:\/\/news.mgmotor.eu\/es\/","author_name":"Jaime Avil\u00e9s","author_url":"https:\/\/news.mgmotor.eu\/es\/author\/maitane-santiago\/","title":"Los 10 \"+\" de la tecnolog\u00eda Hybrid+ de MG: los h\u00edbridos m\u00e1s el\u00e9ctricos del mercado - MG Motor Europe","type":"rich","width":600,"height":338,"html":"<blockquote class=\"wp-embedded-content\" data-secret=\"7pRn6rXrrR\"><a href=\"https:\/\/news.mgmotor.eu\/es\/press\/tecnologia-hybrid-mg\/\">Los 10 \u00ab+\u00bb de la tecnolog\u00eda Hybrid+ de MG: los h\u00edbridos m\u00e1s el\u00e9ctricos del mercado<\/a><\/blockquote><iframe sandbox=\"allow-scripts\" security=\"restricted\" src=\"https:\/\/news.mgmotor.eu\/es\/press\/tecnologia-hybrid-mg\/embed\/#?secret=7pRn6rXrrR\" width=\"600\" height=\"338\" title=\"\u00abLos 10 \u00ab+\u00bb de la tecnolog\u00eda Hybrid+ de MG: los h\u00edbridos m\u00e1s el\u00e9ctricos del mercado\u00bb \u2014 MG Motor Europe\" data-secret=\"7pRn6rXrrR\" frameborder=\"0\" marginwidth=\"0\" marginheight=\"0\" scrolling=\"no\" class=\"wp-embedded-content\"><\/iframe><script type=\"text\/javascript\">\n\/*! This file is auto-generated *\/\n!function(c,l){\"use strict\";var e=!1,o=!1;if(l.querySelector)if(c.addEventListener)e=!0;if(c.wp=c.wp||{},c.wp.receiveEmbedMessage);else if(c.wp.receiveEmbedMessage=function(e){var t=e.data;if(!t);else if(!(t.secret||t.message||t.value));else if(\/[^a-zA-Z0-9]\/.test(t.secret));else{for(var r,s,a,i=l.querySelectorAll('iframe[data-secret=\"'+t.secret+'\"]'),n=l.querySelectorAll('blockquote[data-secret=\"'+t.secret+'\"]'),o=0;o<n.length;o++)n[o].style.display=\"none\";for(o=0;o<i.length;o++)if(r=i[o],e.source!==r.contentWindow);else{if(r.removeAttribute(\"style\"),\"height\"===t.message){if(1e3<(s=parseInt(t.value,10)))s=1e3;else if(~~s<200)s=200;r.height=s}if(\"link\"===t.message)if(s=l.createElement(\"a\"),a=l.createElement(\"a\"),s.href=r.getAttribute(\"src\"),a.href=t.value,a.host===s.host)if(l.activeElement===r)c.top.location.href=t.value}}},e)c.addEventListener(\"message\",c.wp.receiveEmbedMessage,!1),l.addEventListener(\"DOMContentLoaded\",t,!1),c.addEventListener(\"load\",t,!1);function t(){if(o);else{o=!0;for(var e,t,r,s=-1!==navigator.appVersion.indexOf(\"MSIE 10\"),a=!!navigator.userAgent.match(\/Trident.*rv:11\\.\/),i=l.querySelectorAll(\"iframe.wp-embedded-content\"),n=0;n<i.length;n++){if(!(r=(t=i[n]).getAttribute(\"data-secret\")))r=Math.random().toString(36).substr(2,10),t.src+=\"#?secret=\"+r,t.setAttribute(\"data-secret\",r);if(s||a)(e=t.cloneNode(!0)).removeAttribute(\"security\"),t.parentNode.replaceChild(e,t);t.contentWindow.postMessage({message:\"ready\",secret:r},\"*\")}}}}(window,document);\n<\/script>\n","thumbnail_url":"https:\/\/news.mgmotor.eu\/wp-content\/uploads\/2025\/06\/ESTRENO_MUNDIAL_DEL_NUEVO_MG3_HYBRID-3-1040x585.jpg","thumbnail_width":1040,"thumbnail_height":585,"description":"Al desarrollar la tecnolog\u00eda Hybrid+, MG se propuso superar las barreras establecidas para desarrollar una gama de modelos h\u00edbridos que eliminara las limitaciones cl\u00e1sicas de estos sistemas de propulsi\u00f3n."}

Jaime Avilés

Los 10 "+" de la tecnología Hybrid+ de MG: los híbridos más eléctricos del mercado - MG Motor Europe

<blockquote class="wp-embedded-content" data-secret="7pRn6rXrrR"><a href="https://news.mgmotor.eu/es/press/tecnologia-hybrid-mg/">Los 10 «+» de la tecnología Hybrid+ de MG: los híbridos más eléctricos del mercado</a></blockquote><iframe sandbox="allow-scripts" security="restricted" src="https://news.mgmotor.eu/es/press/tecnologia-hybrid-mg/embed/#?secret=7pRn6rXrrR" width="600" height="338" title="«Los 10 «+» de la tecnología Hybrid+ de MG: los híbridos más eléctricos del mercado» — MG Motor Europe" data-secret="7pRn6rXrrR" frameborder="0" marginwidth="0" marginheight="0" scrolling="no" class="wp-embedded-content"></iframe><script type="text/javascript">
/*! This file is auto-generated */
!function(c,l){"use strict";var e=!1,o=!1;if(l.querySelector)if(c.addEventListener)e=!0;if(c.wp=c.wp||{},c.wp.receiveEmbedMessage);else if(c.wp.receiveEmbedMessage=function(e){var t=e.data;if(!t);else if(!(t.secret||t.message||t.value));else if(/[^a-zA-Z0-9]/.test(t.secret));else{for(var r,s,a,i=l.querySelectorAll('iframe[data-secret="'+t.secret+'"]'),n=l.querySelectorAll('blockquote[data-secret="'+t.secret+'"]'),o=0;o<n.length;o++)n[o].style.display="none";for(o=0;o<i.length;o++)if(r=i[o],e.source!==r.contentWindow);else{if(r.removeAttribute("style"),"height"===t.message){if(1e3<(s=parseInt(t.value,10)))s=1e3;else if(~~s<200)s=200;r.height=s}if("link"===t.message)if(s=l.createElement("a"),a=l.createElement("a"),s.href=r.getAttribute("src"),a.href=t.value,a.host===s.host)if(l.activeElement===r)c.top.location.href=t.value}}},e)c.addEventListener("message",c.wp.receiveEmbedMessage,!1),l.addEventListener("DOMContentLoaded",t,!1),c.addEventListener("load",t,!1);function t(){if(o);else{o=!0;for(var e,t,r,s=-1!==navigator.appVersion.indexOf("MSIE 10"),a=!!navigator.userAgent.match(/Trident.*rv:11\./),i=l.querySelectorAll("iframe.wp-embedded-content"),n=0;n<i.length;n++){if(!(r=(t=i[n]).getAttribute("data-secret")))r=Math.random().toString(36).substr(2,10),t.src+="#?secret="+r,t.setAttribute("data-secret",r);if(s||a)(e=t.cloneNode(!0)).removeAttribute("security"),t.parentNode.replaceChild(e,t);t.contentWindow.postMessage({message:"ready",secret:r},"*")}}}}(window,document);
</script>

Al desarrollar la tecnología Hybrid+, MG se propuso superar las barreras establecidas para desarrollar una gama de modelos híbridos que eliminara las limitaciones clásicas de estos sistemas de propulsión.
