{"version":"1.0","provider_name":"MG Motor Europe","provider_url":"https:\/\/news.mgmotor.eu\/be-fr\/","author_name":"Bart Hendrickx","author_url":"https:\/\/news.mgmotor.eu\/be-fr\/author\/bart-hendrickx\/","title":"MG @ Brussels Motor Show - MG Motor Europe","type":"rich","width":600,"height":338,"html":"<blockquote class=\"wp-embedded-content\" data-secret=\"8yP7AYhQn1\"><a href=\"https:\/\/news.mgmotor.eu\/be-fr\/mg-brussels-motor-show\/\">MG @ Brussels Motor Show<\/a><\/blockquote><iframe sandbox=\"allow-scripts\" security=\"restricted\" src=\"https:\/\/news.mgmotor.eu\/be-fr\/mg-brussels-motor-show\/embed\/#?secret=8yP7AYhQn1\" width=\"600\" height=\"338\" title=\"&#8220;MG @ Brussels Motor Show&#8221; &#8212; MG Motor Europe\" data-secret=\"8yP7AYhQn1\" frameborder=\"0\" marginwidth=\"0\" marginheight=\"0\" scrolling=\"no\" class=\"wp-embedded-content\"><\/iframe><script type=\"text\/javascript\">\n\/*! This file is auto-generated *\/\n!function(c,d){\"use strict\";var e=!1,o=!1;if(d.querySelector)if(c.addEventListener)e=!0;if(c.wp=c.wp||{},c.wp.receiveEmbedMessage);else if(c.wp.receiveEmbedMessage=function(e){var t=e.data;if(!t);else if(!(t.secret||t.message||t.value));else if(\/[^a-zA-Z0-9]\/.test(t.secret));else{for(var r,s,a,i=d.querySelectorAll('iframe[data-secret=\"'+t.secret+'\"]'),n=d.querySelectorAll('blockquote[data-secret=\"'+t.secret+'\"]'),o=new RegExp(\"^https?:$\",\"i\"),l=0;l<n.length;l++)n[l].style.display=\"none\";for(l=0;l<i.length;l++)if(r=i[l],e.source!==r.contentWindow);else{if(r.removeAttribute(\"style\"),\"height\"===t.message){if(1e3<(s=parseInt(t.value,10)))s=1e3;else if(~~s<200)s=200;r.height=s}if(\"link\"===t.message)if(s=d.createElement(\"a\"),a=d.createElement(\"a\"),s.href=r.getAttribute(\"src\"),a.href=t.value,!o.test(a.protocol));else if(a.host===s.host)if(d.activeElement===r)c.top.location.href=t.value}}},e)c.addEventListener(\"message\",c.wp.receiveEmbedMessage,!1),d.addEventListener(\"DOMContentLoaded\",t,!1),c.addEventListener(\"load\",t,!1);function t(){if(o);else{o=!0;for(var e,t,r,s=-1!==navigator.appVersion.indexOf(\"MSIE 10\"),a=!!navigator.userAgent.match(\/Trident.*rv:11\\.\/),i=d.querySelectorAll(\"iframe.wp-embedded-content\"),n=0;n<i.length;n++){if(!(r=(t=i[n]).getAttribute(\"data-secret\")))r=Math.random().toString(36).substr(2,10),t.src+=\"#?secret=\"+r,t.setAttribute(\"data-secret\",r);if(s||a)(e=t.cloneNode(!0)).removeAttribute(\"security\"),t.parentNode.replaceChild(e,t);t.contentWindow.postMessage({message:\"ready\",secret:r},\"*\")}}}}(window,document);\n<\/script>\n","thumbnail_url":"https:\/\/news.mgmotor.eu\/wp-content\/uploads\/2025\/12\/material-prasowy-mg-cyberster2-6704d3a4bb2f2.jpg","thumbnail_width":4000,"thumbnail_height":2250,"description":"MG Belux se pr\u00e9pare pour une participation inoubliable au Salon de l'automobile de Bruxelles 2026, o\u00f9 la marque d\u00e9voilera davantage sa vision de l'avenir et cherchera \u00e0 toucher un public encore plus large, tant les particuliers que les professionnels."}

MG Belux se prépare pour une participation inoubliable au Salon de l'automobile de Bruxelles 2026, où la marque dévoilera davantage sa vision de l'avenir et cherchera à toucher un public encore plus large, tant les particuliers que les professionnels.
